7, 21617
What are the prime factors of 18381613?
18381613
What are the prime factors of 2669760?
2, 3, 5, 103
List the prime factors of 94363.
197, 479
What are the prime factors of 2615022?
2, 3, 131, 1109
What are the prime factors of 56139?
3, 18713
What are the prime factors of 4445370?
2, 3, 5, 49393
What are the prime factors of 12183091?
389, 31319
What are the prime factors of 636782?
2, 29, 10979
What are the prime factors of 338255?
5, 67651
What are the prime factors of 820694?
2, 7, 31, 61
What are the prime factors of 1862428?
2, 353, 1319
What are the prime factors of 9286571?
7, 1326653
List the prime factors of 19004238.
2, 3, 11, 41, 2341
List the prime factors of 281376.
2, 3, 977
List the prime factors of 1971033.
3, 239, 2749
List the prime factors of 221328.
2, 3, 29, 53
List the prime factors of 9098605.
5, 29, 131, 479
What are the prime factors of 29701?
7, 4243
List the prime factors of 2518717.
191, 13187
List the prime factors of 1041528.
2, 3, 43397
What are the prime factors of 130769?
130769
List the prime factors of 1611147.
3, 53, 10133
List the prime factors of 225536.
2, 881
What are the prime factors of 5434963?
79, 89, 773
What are the prime factors of 62653?
62653
List the prime factors of 922719.
3, 7, 6277
List the prime factors of 4172139.
3, 499, 929
What are the prime factors of 215264?
2, 7, 31
What are the prime factors of 21941113?
21941113
What are the prime factors of 7774890?
2, 3, 5, 259163
List the prime factors of 1417571.
19, 74609
What are the prime factors of 283243?
29, 9767
List the prime factors of 10003624.
2, 1250453
List the prime factors of 13840.
2, 5, 173
List the prime factors of 168267.
3, 11, 5099
What are the prime factors of 188575?
5, 19, 397
What are the prime factors of 6178950?
2, 3, 5, 23, 199
List the prime factors of 2374686.
2, 3, 131927
List the prime factors of 13438036.
2, 3359509
List the prime factors of 3811024.
2, 7, 4861
What are the prime factors of 241922?
2, 73, 1657
List the prime factors of 1249817.
1249817
What are the prime factors of 1437211?
29, 49559
What are the prime factors of 7601965?
5, 7, 217199
What are the prime factors of 451332?
2, 3, 7, 199
List the prime factors of 1006157.
43, 23399
List the prime factors of 4578300.
2, 3, 5, 5087
What are the prime factors of 238531?
238531
List the prime factors of 11763191.
11, 53, 20177
List the prime factors of 274842.
2, 3, 15269
List the prime factors of 64829.
241, 269
What are the prime factors of 529126?
2, 13, 47, 433
What are the prime factors of 189005?
5, 103, 367
List the prime factors of 72555.
3, 5, 7, 691
What are the prime factors of 4763605?
5, 7, 11, 12373
What are the prime factors of 2517069?
3, 197, 4259
List the prime factors of 3429617.
3429617
List the prime factors of 221469.
3, 73823
List the prime factors of 1575526.
2, 17, 149, 311
List the prime factors of 11744879.
61, 192539
What are the prime factors of 170076?
2, 3, 14173
List the prime factors of 939487.
939487
List the prime factors of 874171.
19, 139, 331
List the prime factors of 843732.
2, 3, 23, 1019
What are the prime factors of 29280039?
3, 9760013
List the prime factors of 209248.
2, 13, 503
List the prime factors of 7090403.
7090403
List the prime factors of 3963063.
3, 13, 307, 331
List the prime factors of 748832.
2, 7, 3343
List the prime factors of 4444924.
2, 11, 101021
List the prime factors of 7527226.
2, 7, 17, 31627
List the prime factors of 14313570.
2, 3, 5, 167, 2857
List the prime factors of 1131190.
2, 5, 31, 41, 89
List the prime factors of 100137.
3, 29, 1151
What are the prime factors of 658097?
11, 29, 2063
What are the prime factors of 1699597?
1699597
List the prime factors of 159741.
3, 17749
List the prime factors of 6718849.
373, 18013
List the prime factors of 595683.
3, 11, 547
What are the prime factors of 645158?
2, 199, 1621
List the prime factors of 6041365.
5, 11, 109843
List the prime factors of 365244.
2, 3, 11, 2767
What are the prime factors of 1369185?
3, 5, 37, 2467
What are the prime factors of 4514272?
2, 7, 2879
What are the prime factors of 29415?
3, 5, 37, 53
What are the prime factors of 4265013?
3, 167, 8513
What are the prime factors of 9336614?
2, 7, 666901
What are the prime factors of 33935?
5, 11, 617
List the prime factors of 1113365.
5, 11, 31, 653
What are the prime factors of 854179?
103, 8293
What are the prime factors of 10674622?
2, 7, 23, 33151
What are the prime factors of 15581792?
2, 17, 28643
What are the prime factors of 424873?
479, 887
What are the prime factors of 309617?
7, 11, 4021
List the prime factors of 383250.
2, 3, 5, 7, 73
What are the prime factors of 4832073?
3, 439, 1223
What are the prime factors of 321988?
2, 101, 797
What are the prime factors of 1102544?
2, 68909
List the prime factors of 1566292.
2, 7, 13, 331
What are the prime factors of 12991038?
2, 3, 773, 2801
List the prime factors of 247561.
281, 881
List the prime factors of 677444.
2, 169361
List the prime factors of 267114.
2, 3, 44519
List the prime factors of 1725726.
2, 3, 71, 4051
List the prime factors of 3515011.
3515011
List the prime factors of 606152.
2, 17, 4457
List the prime factors of 6748899.
3, 2249633
List the prime factors of 17982043.
401, 44843
What are the prime factors of 299185?
5, 53, 1129
What are the prime factors of 960293?
960293
List the prime factors of 607138.
2, 7, 17, 2551
List the prime factors of 595164.
2, 3, 49597
List the prime factors of 18685196.
2, 107, 149, 293
What are the prime factors of 69288?
2, 3, 2887
List the prime factors of 374814.
2, 3, 11, 631
List the prime factors of 62461.
7, 8923
What are the prime factors of 1448641?
997, 1453
What are the prime factors of 6801254?
2, 29, 149, 787
List the prime factors of 9445013.
17, 555589
What are the prime factors of 4692168?
2, 3, 13, 557
List the prime factors of 253105.
5, 223, 227
What are the prime factors of 1588533?
3, 19, 29, 31
List the prime factors of 282681.
3, 7, 641
List the prime factors of 17640687.
3, 5880229
What are the prime factors of 364129?
364129
List the prime factors of 5186512.
2, 37, 8761
What are the prime factors of 181400?
2, 5, 907
List the prime factors of 5735226.
2, 3, 7, 19, 7187
What are the prime factors of 7863084?
2, 3, 218419
List the prime factors of 10171075.
5, 41, 9923
List the prime factors of 371030.
2, 5, 11, 3373
List the prime factors of 498286.
2, 249143
What are the prime factors of 14287561?
101, 141461
What are the prime factors of 474168?
2, 3, 23, 859
What are the prime factors of 10476?
2, 3, 97
What are the prime factors of 345869?
345869
List the prime factors of 29920456.
2, 31, 120647
List the prime factors of 223258.
2, 7, 37, 431
What are the prime factors of 35203313?
35203313
List the prime factors of 20933658.
2, 3, 1162981
List the prime factors of 400196.
2, 100049
What are the prime factors of 1469224?
2, 43, 4271
What are the prime factors of 1297115?
5, 59, 4397
What are the prime factors of 1465331?
7, 209333
List the prime factors of 446163.
3, 148721
List the prime factors of 5081176.
2, 635147
What are the prime factors of 181143?
3, 6709
List the prime factors of 265828.
2, 66457
List the prime factors of 1689400.
2, 5, 8447
What are the prime factors of 84756?
2, 3, 7, 1009
List the prime factors of 787019.
127, 6197
List the prime factors of 10012238.
2, 5006119
What are the prime factors of 2184465?
3, 5, 137, 1063
What are the prime factors of 346284?
2, 3, 9619
List the prime factors of 91456.
2, 1429
What are the prime factors of 836411?
31, 26981
What are the prime factors of 9345252?
2, 3, 7, 111253
What are the prime factors of 233386?
2, 61, 1913
List the prime factors of 246975.
3, 5, 37, 89
List the prime factors of 1500343.
13, 131, 881
What are the prime factors of 540254?
2, 11, 13, 1889
List the prime factors of 30100564.
2, 13, 578857
List the prime factors of 409794.
2, 3, 7, 11, 887
What are the prime factors of 271698?
2, 3, 7, 6469
What are the prime factors of 728928?
2, 3, 2531
What are the prime factors of 66979?
11, 6089
What are the prime factors of 262150?
2, 5, 7, 107
What are the prime factors of 288405?
3, 5, 13, 17, 29
List the prime factors of 3654777.
3, 7, 79, 22